{"id":1784,"date":"2022-06-01T19:59:53","date_gmt":"2022-06-01T19:59:53","guid":{"rendered":"https:\/\/www.skinperfection.nl\/?post_type=product&#038;p=1784"},"modified":"2025-10-17T20:03:12","modified_gmt":"2025-10-17T20:03:12","slug":"aloe-vera-cooling-gel-100ml","status":"publish","type":"product","link":"https:\/\/skinperfection.nl\/index.php\/product\/aloe-vera-cooling-gel-100ml\/","title":{"rendered":"Alo\u00eb Vera Cooling Gel (100ml)"},"content":{"rendered":"<p>&nbsp;<\/p>\n<div class=\"block-title\"><strong>Omschrijving<\/strong><\/div>\n<div class=\"block-content pdp-full-desc read-opened\">\n<h2>100% natuurlijke aanpak!<\/h2>\n<p>Alo\u00eb vera is een krachtig oerproduct met een verkoelende en verzachtende werking op de huid. In sommige situaties is de pure Chi Alo\u00eb Vera Cooling Gel nodig om de huid onmiddellijk te koelen: bijvoorbeeld bij overlast van de processierups, na het zonnen, na het ontharen, bij een rode en geprikkelde huid of ter verzorging en verzachting van de huid bij insecten- en kwallenbeten.<\/p>\n<p>Alo\u00eb vera is d\u00e9 plant (en een zonaanbidder) om jouw huid te verzorgen in de zomerperiode. De alo\u00eb vera is verkregen van de Aloe barbadensis (biologische IASC gecertificeerde culturen).\u00a0Kies voor Chi Alo\u00eb Vera Cooling\u00a0Gel met 100% biologische alo\u00eb vera. Hierin blijven, in tegenstelling tot een extract, alle verse planteigenschappen actief.\u00a0\u00a0Alle vitaminen, enzymen, mineralen en aminozuren staan garant voor intensief beschermende en vochtregulerende eigenschappen.<\/p>\n<p>Er zit g\u00e9\u00e9n alcohol in onze gel, zodat jouw huid niet uitdroogt. De toevoeging van biologisch rozenwater en lavendelwater zorgt voor extra verkoeling, verzorging \u00e9n een heerlijke geur! Deze heerlijke, pure bloemenhydrolaten werken zuiverend, verzachtend en vochtregulerend. Chi Alo\u00eb Vera Cooling Gel is inzetbaar voor alle huidtypes, speciaal voor een droge en vochtarme huid en houdt de huid\u00a0elastisch en jong.\u00a0Dit product voedt de huid en is een natuurlijke moisturizer.<\/p>\n<h2>Wanneer kies je Alo\u00eb Vera Cooling Gel?<\/h2>\n<ul>\n<li>Als aftersun na het zonnen<\/li>\n<li>Ondersteunt het herstellend vermogen van de huid<\/li>\n<li>Bij rode en gevoelige huid<\/li>\n<li>Bij droge en schrale huid<\/li>\n<li>Na het ontharen<\/li>\n<li>Ter verzorging en verzachting van de huid bij insectenbeten en irritatie van processierups<\/li>\n<li>Ook na kwallenbeten<\/li>\n<li>Overal waar koeling gewenst is<\/li>\n<\/ul>\n<p>&nbsp;<\/p>\n<h2><strong>Tip:<\/strong><\/h2>\n<p>Bewaar de Alo\u00eb Vera Cooling Gel in de koelkast voor extra verkoeling!<\/p>\n<\/div>\n","protected":false},"excerpt":{"rendered":"<p>Verkoelende en verzachtende gel op basis van pure, biologische alo\u00eb vera, rozen- en lavendelwater. Direct op de huid aanbrengen. Alo\u00eb vera is een krachtig oerproduct met een verkoelende, verzachtende en hydraterende werking voor de huid. In sommige situaties is de pure Chi Alo\u00eb Vera Cooling Gel nodig om de huid onmiddellijk te koelen: bijvoorbeeld na het zonnen, na het ontharen, bij een rode en geprikkelde huid of ter verzorging en verzachting van de huid bij insecten- en kwallenbeten.<\/p>\n<table id=\"product-attribute-specs-table\" class=\"data table additional-attributes\">\n<tbody>\n<tr>\n<th class=\"col label\" scope=\"row\">Inhoud<\/th>\n<td class=\"col data\" data-th=\"Inhoud\">100 ml<\/td>\n<\/tr>\n<tr>\n<th class=\"col label\" scope=\"row\">Keurmerk<\/th>\n<td class=\"col data\" data-th=\"Keurmerk\">Biologisch<\/td>\n<\/tr>\n<tr>\n<th class=\"col label\" scope=\"row\">Geur<\/th>\n<td class=\"col data\" data-th=\"Geur \">Fris, Groen<\/td>\n<\/tr>\n<tr>\n<th class=\"col label\" scope=\"row\">Productlabel<\/th>\n<td class=\"col data\" data-th=\"Productlabel\">Nieuw<\/td>\n<\/tr>\n<tr>\n<th class=\"col label\" scope=\"row\">Merk<\/th>\n<td class=\"col data\" data-th=\"Merk\">Chi Natural Life<\/td>\n<\/tr>\n<tr>\n<th class=\"col label\" scope=\"row\"><\/th>\n<td class=\"col data\" data-th=\"Art.nr.\"><\/td>\n<\/tr>\n<tr>\n<th class=\"col label\" scope=\"row\"><\/th>\n<td class=\"col data\" data-th=\"EAN Code\"><\/td>\n<\/tr>\n<tr>\n<th class=\"col label\" scope=\"row\">Ingredients:<\/th>\n<td class=\"col data\" data-th=\"Ingredients:\">Aloe Barbadensis Leaf Juice**, Rosa Damascena Flower Water**, Glycerin, Pentylene Glycol, Lavandula Angustifolia Flower Water**, Sclerotium Gum, Carrageenan, Dextrose, Sodium Phytate, Citronellol*, Geraniol*, Linalool* **100% biologische *Bestanddeel van<\/td>\n<\/tr>\n<tr>\n<th class=\"col label\" scope=\"row\">Verzorging bij:<\/th>\n<td class=\"col data\" data-th=\"Verzorging bij:\">Droge huid, Insecten en kwallenbeten, ter verzachting<\/td>\n<\/tr>\n<tr>\n<th class=\"col label\" scope=\"row\">Gebruiken voor:<\/th>\n<td class=\"col data\" data-th=\"Gebruiken voor:\">Lichaam<\/td>\n<\/tr>\n<\/tbody>\n<\/table>\n","protected":false},"featured_media":513,"template":"","meta":[],"product_brand":[],"product_cat":[17,40,38,186,19],"product_tag":[],"class_list":{"0":"post-1784","1":"product","2":"type-product","3":"status-publish","4":"has-post-thumbnail","6":"product_cat-chi-100-procent-natural-cosmetics","7":"product_cat-lichaamsverzorging-chi-100-procent-natural-cosmetics","8":"product_cat-serums-en-maskers-en-oogcontour-verzorging","9":"product_cat-verzorging-in-de-zon-en-na-het-zonnen","10":"product_cat-zonverzorging-natuurlijke","12":"first","13":"instock","14":"shipping-taxable","15":"purchasable","16":"product-type-simple"},"jetpack_sharing_enabled":true,"_links":{"self":[{"href":"https:\/\/skinperfection.nl\/index.php\/wp-json\/wp\/v2\/product\/1784","targetHints":{"allow":["GET"]}}],"collection":[{"href":"https:\/\/skinperfection.nl\/index.php\/wp-json\/wp\/v2\/product"}],"about":[{"href":"https:\/\/skinperfection.nl\/index.php\/wp-json\/wp\/v2\/types\/product"}],"wp:featuredmedia":[{"embeddable":true,"href":"https:\/\/skinperfection.nl\/index.php\/wp-json\/wp\/v2\/media\/513"}],"wp:attachment":[{"href":"https:\/\/skinperfection.nl\/index.php\/wp-json\/wp\/v2\/media?parent=1784"}],"wp:term":[{"taxonomy":"product_brand","embeddable":true,"href":"https:\/\/skinperfection.nl\/index.php\/wp-json\/wp\/v2\/product_brand?post=1784"},{"taxonomy":"product_cat","embeddable":true,"href":"https:\/\/skinperfection.nl\/index.php\/wp-json\/wp\/v2\/product_cat?post=1784"},{"taxonomy":"product_tag","embeddable":true,"href":"https:\/\/skinperfection.nl\/index.php\/wp-json\/wp\/v2\/product_tag?post=1784"}],"curies":[{"name":"wp","href":"https:\/\/api.w.org\/{rel}","templated":true}]}}