{"id":2576,"date":"2024-06-06T14:17:30","date_gmt":"2024-06-06T14:17:30","guid":{"rendered":"https:\/\/www.skinperfection.nl\/?post_type=product&#038;p=2576"},"modified":"2024-06-07T10:21:14","modified_gmt":"2024-06-07T10:21:14","slug":"tea-tree-clean-air-mix-olie","status":"publish","type":"product","link":"https:\/\/skinperfection.nl\/index.php\/product\/tea-tree-clean-air-mix-olie\/","title":{"rendered":"Tea Tree Clean Air mix olie"},"content":{"rendered":"<h2><strong>Over de Tea Tree Clean Air<\/strong><\/h2>\n<p>Steeds meer blijkt dat het binnenmilieu te wensen over laat door slechte\u00a0ventilatie, te weinig frisse lucht en ziektekiemen in de lucht. Tea tree olie uit Australi\u00eb heeft van nature anti-bacteri\u00eble, anti-virale en anti-schimmeleigenschappen. De tea tree boom maakt daar handig gebruik van om te overleven tegenover indringers als parasieten, bacteri\u00ebn en schimmels, in het vochtige, warme klimaat van Australi\u00eb. Tea tree is daarom wereldwijd bekend geraakt als een hygi\u00ebnisch en huidverzorgend product, maar de kwaliteiten als luchtzuiveraar zijn minder bekend. Dit komt vooral door de typische geur. Daarom is in deze Tea Tree Clean Air Mix de pure, biologische tea tree olie gemengd met andere, effectieve, maar ook frisse essenti\u00eble oli\u00ebn:\u00a0<strong>citroen, zilverspar, ravintsara, eucalyptus en kajeput<\/strong>. Samen geven ze een prettig ruikende en zuivere lucht in elke ruimte. Doe 5 tot 20 druppels bij voorkeur in een ultrasone verdamper voor een frisse en zuivere lucht in huis, praktijk, ziekenkamer en op kantoor!<\/p>\n<h2><strong>Gebruik<\/strong><\/h2>\n<p><strong>In de ultrasone verdamper<\/strong>: de neus bepaalt het aantal druppels, meestal tussen de 5 en 20 druppels op het water in de verdamper druppelen.<br \/>\n<strong>In de Aroma Inhaler:<\/strong>\u00a020 druppels op het katoenen staafje druppelen.<br \/>\n<strong>Op het geursteentje:<\/strong>\u00a0Gebruik 5 tot 10 druppels voor gebruik van het steentje op toilet, kledingkast of op het nachtkastje.<br \/>\n<strong>Stomen:<\/strong>\u00a0maximaal 1 tot 5 druppels Tea Tree Clean Air Mix gebruiken<\/p>\n<h2><strong>Waarom Tea Tree Clean Air Mix?<\/strong><\/h2>\n<ul>\n<li>Ontwikkeld volgens de nieuwste wetenschappelijke inzichten<\/li>\n<li>D\u00e9 mix voor luchtzuivering in elke ruimte<\/li>\n<li>Verzachtende invloed op de luchtwegen<\/li>\n<li>Met biologische tea tree olie uit Australi\u00eb<\/li>\n<li>100% natuurlijk en zuiver<\/li>\n<li>Adem vrij!<\/li>\n<\/ul>\n<h2><strong>Ingredi\u00ebnten:<\/strong><\/h2>\n<p>Melaleuca alternifolia leaf oil*, Citrus limon peel oil*, Cinnamomum camphora leaf oil*, Eucalyptus globulus leaf oil, Abies sibirica needle oil, Melaleuca leucadendron cajuputi leaf oil. Bevat van nature: Limonene, Linalool, Geraniol, Citral. *100% Biologisch<\/p>\n","protected":false},"excerpt":{"rendered":"<table id=\"product-attribute-specs-table\" class=\"data table additional-attributes\">\n<tbody>\n<tr>\n<th class=\"col label\" scope=\"row\">Inhoud<\/th>\n<td class=\"col data\" data-th=\"Inhoud\">10 ml<\/td>\n<\/tr>\n<tr>\n<th class=\"col label\" scope=\"row\">Geur<\/th>\n<td class=\"col data\" data-th=\"Geur \">Kamfer, Kruidig<\/td>\n<\/tr>\n<tr>\n<th class=\"col label\" scope=\"row\">Beleving<\/th>\n<td class=\"col data\" data-th=\"Beleving\">Adem vrij , Verfrissing<\/td>\n<\/tr>\n<tr>\n<th class=\"col label\" scope=\"row\"><\/th>\n<td class=\"col data\" data-th=\"Productlabel\"><\/td>\n<\/tr>\n<tr>\n<th class=\"col label\" scope=\"row\">Merk<\/th>\n<td class=\"col data\" data-th=\"Merk\">Tea Tree &#8211; Eerste Hulp<\/td>\n<\/tr>\n<tr>\n<th class=\"col label\" scope=\"row\"><\/th>\n<td class=\"col data\" data-th=\"Art.nr.\"><\/td>\n<\/tr>\n<tr>\n<th class=\"col label\" scope=\"row\"><\/th>\n<td class=\"col data\" data-th=\"EAN Code\"><\/td>\n<\/tr>\n<tr>\n<th class=\"col label\" scope=\"row\">Ingredients:<\/th>\n<td class=\"col data\" data-th=\"Ingredients:\">\n<p class=\"p1\">Melaleuca alternifolia leaf oil, Citrus limon peel oil, Cinnamomum camphora leaf oil, Eucalyptus globulus leaf oil, Melaleuca leucadendron cajuputi leaf oil, Abies sibirica oil,<\/p>\n<p class=\"p1\"><strong>Bevat van nature:<\/strong>\u00a0Limonene, Citral, Linalool, Geraniol<\/p>\n<\/td>\n<\/tr>\n<\/tbody>\n<\/table>\n","protected":false},"featured_media":2577,"template":"","meta":[],"product_brand":[],"product_cat":[84],"product_tag":[275],"class_list":{"0":"post-2576","1":"product","2":"type-product","3":"status-publish","4":"has-post-thumbnail","6":"product_cat-etherische-olien","7":"product_tag-tea-tree-clean-air","9":"first","10":"instock","11":"shipping-taxable","12":"purchasable","13":"product-type-simple"},"jetpack_sharing_enabled":true,"_links":{"self":[{"href":"https:\/\/skinperfection.nl\/index.php\/wp-json\/wp\/v2\/product\/2576","targetHints":{"allow":["GET"]}}],"collection":[{"href":"https:\/\/skinperfection.nl\/index.php\/wp-json\/wp\/v2\/product"}],"about":[{"href":"https:\/\/skinperfection.nl\/index.php\/wp-json\/wp\/v2\/types\/product"}],"wp:featuredmedia":[{"embeddable":true,"href":"https:\/\/skinperfection.nl\/index.php\/wp-json\/wp\/v2\/media\/2577"}],"wp:attachment":[{"href":"https:\/\/skinperfection.nl\/index.php\/wp-json\/wp\/v2\/media?parent=2576"}],"wp:term":[{"taxonomy":"product_brand","embeddable":true,"href":"https:\/\/skinperfection.nl\/index.php\/wp-json\/wp\/v2\/product_brand?post=2576"},{"taxonomy":"product_cat","embeddable":true,"href":"https:\/\/skinperfection.nl\/index.php\/wp-json\/wp\/v2\/product_cat?post=2576"},{"taxonomy":"product_tag","embeddable":true,"href":"https:\/\/skinperfection.nl\/index.php\/wp-json\/wp\/v2\/product_tag?post=2576"}],"curies":[{"name":"wp","href":"https:\/\/api.w.org\/{rel}","templated":true}]}}