{"id":2640,"date":"2024-08-05T17:16:24","date_gmt":"2024-08-05T17:16:24","guid":{"rendered":"https:\/\/www.skinperfection.nl\/?post_type=product&#038;p=2640"},"modified":"2025-03-29T00:00:05","modified_gmt":"2025-03-29T00:00:05","slug":"naif-zon-creme-spf30-100-milliliter","status":"publish","type":"product","link":"https:\/\/skinperfection.nl\/index.php\/product\/naif-zon-creme-spf30-100-milliliter\/","title":{"rendered":"Naif Zon creme SPF30 100 milliliter"},"content":{"rendered":"<div class=\"item title allow active\" tabindex=\"0\" role=\"tab\" data-role=\"collapsible\" data-collapsible=\"true\" aria-controls=\"Beschrijving\" aria-selected=\"true\" aria-expanded=\"true\"><a class=\"switch\" href=\"https:\/\/www.varuvo.nl\/naif-zon-creme-spf30-284187?sqr=naif%20zon#Beschrijving\" data-toggle=\"trigger\">Beschrijving<\/a><\/div>\n<div id=\"Beschrijving\" class=\"item content\" role=\"tabpanel\" data-role=\"content\" aria-hidden=\"false\"><b>Naif Zon creme SPF30<\/b><br \/>\nMinerale Zonnebrand SPF30 is een zonnebrand geschikt voor de hele familie. Het UV-filter op basis van zinkoxide beschermt de huid direct met minimale kans op huidreacties.Het UV-filter op basis van zinkoxide legt een laagje over de huid die de zonnestralen weerkaatst, waardoor de zonnebrand direct beschermt tegen UVA en UVB straling. De toegevoegde natuurlijke olie zorgt er voor dat de zonnebrand makkelijk smeerbaar is.<\/p>\n<p>Na\u00eff Minerale Zonnebrand SPF30 bevat geen ingredi\u00ebnten zoals oxybenzone, octinoxate, octocrylene, avobenzone. Deze ingredi\u00ebnten vermijdt Naif liever. In plaats daarvan bevat de zonnebrand zinkoxide: een natuurlijk ingredi\u00ebnt die een beschermde laag op de huid legt en daardoor zonnestralen weerkaatst.<\/p>\n<p>&#8211; Onmiddelijke bescherming tegen UVA en UVB stralen<br \/>\n&#8211; Waterbestendig<br \/>\n&#8211; Koraalvriendelijk: zonder oxybenzone, octinoxate, of octocrylene<br \/>\n&#8211; Dermatologisch getest<\/p>\n<p><b>Ingredi\u00ebnten (INCI)<\/b><br \/>\nCaprylic\/Capric Triglyceride, Decyl Oleate, Zinc Oxide, Hydrogenated Vegetable Oil, Caprylic\/Capric\/Myristic\/Stearic Triglyceride, Dextrin Palmitate, Coco-Caprylate\/Caprate, Triheptanoin, Ricinus Communis Seed Oil, Bis-Ethylhexyloxyphenol Methoxyphenyl Triazine, Cocos Nucifera Oil, Polyhydroxystearic Acid, Parfum\/Fragrance, Allantoin, Tocopherol, Palmitic Acid, Helianthus Annuus Seed Oil, Oryzanol, Bisabolol, Pongamol.<\/p>\n<p><b>Gebruik<\/b><br \/>\nGoed schudden voor gebruik! Breng een royale hoeveelheid zonnebrand aan en verdeel deze goed over het lichaam en gezicht voordat je kind de zon in gaat. Deze zonnebrand beschermt direct! Breng elke twee uur en na het zwemmen een nieuwe laag zonnebrand aan voor optimale bescherming.<\/p>\n<p>Zinkoxide, water en de zon kunnen een uitdrogend effect op de huid hebben. Om dit te voorkomen is natuurlijke olie aan de zonnebrand toegevoegd. Toch last van droge plekken? Zorg er voor dat je de huid goed voedt met een after sun of verzorgende cr\u00e8me na een dag in de zon.<\/p>\n<p>Houd baby&#8221;s en kinderen zoveel mogelijk uit de zon.<\/p>\n<p><b>Bewaaradvies<\/b><br \/>\nAfgesloten bewaren, buiten bereik van kinderen.<\/p>\n<p><b>Waarschuwingen<\/b><br \/>\nAlleen voor uitwendig gebruik.<\/p>\n<\/div>\n<div role=\"tabpanel\" data-role=\"content\" aria-hidden=\"false\">\n<div class=\"item title allow active\" tabindex=\"0\" role=\"tab\" data-role=\"collapsible\" data-collapsible=\"true\" aria-controls=\"Hoe te gebruiken\" aria-selected=\"true\" aria-expanded=\"true\"><a class=\"switch\" href=\"https:\/\/www.varuvo.nl\/naif-zon-creme-spf30-284187?sqr=naif%20zon#Hoe%20te%20gebruiken\" data-toggle=\"trigger\">Hoe te gebruiken<\/a><\/div>\n<div id=\"Hoe te gebruiken\" class=\"item content\" role=\"tabpanel\" data-role=\"content\" aria-hidden=\"false\">Goed schudden voor gebruik! Breng een royale hoeveelheid zonnebrand aan en verdeel deze goed over het lichaam en gezicht voordat je kind de zon in gaat. Deze zonnebrand beschermt direct! Breng elke twee uur en na het zwemmen een nieuwe laag zonnebrand aan voor optimale bescherming. Zinkoxide, water en de zon kunnen een uitdrogend effect op de huid hebben. Om dit te voorkomen is natuurlijke olie aan de zonnebrand toegevoegd. Toch last van droge plekken? Zorg er voor dat je de huid goed voedt met een after sun of verzorgende cr\u00e8me na een dag in de zon. Houd baby&#8221;s en kinderen zoveel mogelijk uit de zon.<\/div>\n<\/div>\n","protected":false},"excerpt":{"rendered":"<p>Inhoud: 100 ml<\/p>\n<p><b>Naif Zon creme SPF30<\/b><br \/>\nMinerale Zonnebrand SPF30 is een zonnebrand geschikt voor de hele familie. Het UV-filter op basis van zinkoxide beschermt de huid direct met minimale kans op huidreacties.<\/p>\n<p>Het UV-filter op basis van zinkoxide legt een laagje over de huid die de zonnestralen weerkaatst, waardoor de zonnebrand direct beschermt tegen UVA en UVB straling. De toegevoegde natuurlijke olie zorgt er voor dat de zonnebrand makkelijk smeerbaar is.<\/p>\n<p>Na\u00eff Minerale Zonnebrand SPF30 bevat geen ingredi\u00ebnten zoals oxybenzone, octinoxate, octocrylene, avobenzone. Deze ingredi\u00ebnten vermijdt Naif liever. In plaats daarvan bevat de zonnebrand zinkoxide: een natuurlijk ingredi\u00ebnt die een beschermde laag op de huid legt en daardoor zonnestralen weerkaatst.<\/p>\n<p>&#8211; Onmiddelijke bescherming tegen UVA en UVB stralen<br \/>\n&#8211; Waterbestendig<br \/>\n&#8211; Koraalvriendelijk: zonder oxybenzone, octinoxate, of octocrylene<br \/>\n&#8211; Dermatologisch getest<\/p>\n","protected":false},"featured_media":2641,"template":"","meta":[],"product_brand":[],"product_cat":[19],"product_tag":[294,292,293,291],"class_list":{"0":"post-2640","1":"product","2":"type-product","3":"status-publish","4":"has-post-thumbnail","6":"product_cat-zonverzorging-natuurlijke","7":"product_tag-bescherming","8":"product_tag-gevoelige","9":"product_tag-huid","10":"product_tag-zon","12":"first","13":"instock","14":"shipping-taxable","15":"purchasable","16":"product-type-simple"},"jetpack_sharing_enabled":true,"_links":{"self":[{"href":"https:\/\/skinperfection.nl\/index.php\/wp-json\/wp\/v2\/product\/2640","targetHints":{"allow":["GET"]}}],"collection":[{"href":"https:\/\/skinperfection.nl\/index.php\/wp-json\/wp\/v2\/product"}],"about":[{"href":"https:\/\/skinperfection.nl\/index.php\/wp-json\/wp\/v2\/types\/product"}],"wp:featuredmedia":[{"embeddable":true,"href":"https:\/\/skinperfection.nl\/index.php\/wp-json\/wp\/v2\/media\/2641"}],"wp:attachment":[{"href":"https:\/\/skinperfection.nl\/index.php\/wp-json\/wp\/v2\/media?parent=2640"}],"wp:term":[{"taxonomy":"product_brand","embeddable":true,"href":"https:\/\/skinperfection.nl\/index.php\/wp-json\/wp\/v2\/product_brand?post=2640"},{"taxonomy":"product_cat","embeddable":true,"href":"https:\/\/skinperfection.nl\/index.php\/wp-json\/wp\/v2\/product_cat?post=2640"},{"taxonomy":"product_tag","embeddable":true,"href":"https:\/\/skinperfection.nl\/index.php\/wp-json\/wp\/v2\/product_tag?post=2640"}],"curies":[{"name":"wp","href":"https:\/\/api.w.org\/{rel}","templated":true}]}}