{"id":2731,"date":"2024-10-15T12:24:23","date_gmt":"2024-10-15T12:24:23","guid":{"rendered":"https:\/\/www.skinperfection.nl\/?post_type=product&#038;p=2731"},"modified":"2024-10-15T12:38:26","modified_gmt":"2024-10-15T12:38:26","slug":"baby-chi-luierzalf","status":"publish","type":"product","link":"https:\/\/skinperfection.nl\/index.php\/product\/baby-chi-luierzalf\/","title":{"rendered":"Baby Chi Luierzalf"},"content":{"rendered":"<ul>\n<li>\n<h2>Billenzalf bij luieruitslag en rode billetjes<\/h2>\n<p>Bij luieruitslag en rode billetjes geeft Baby Chi Luierzalf directe verlichting en bescherming. De voedende formule is perfect voor het verzorgen van een ruwe en schrale huid, waardoor deze weer zacht en soepel aanvoelt. De billenzalf ondersteunt de gevoelige huid, beschermt tegen uitdroging en is geschikt voor dagelijks gebruik.<\/p>\n<p>De formule is zeer zacht en dus veilig voor baby&#8217;s met een gevoelige of geprikkelde huid. Door de zachte essenti\u00eble oli\u00ebn maak je van de luierwissel een fijn moment van geurbeleving en ontspanning.<\/p>\n<h2>100% biologische luierzalf: baby cr\u00e8me zonder parfum<\/h2>\n<p>De 100% biologische ingredi\u00ebnten zijn zeer huidvriendelijk\u00a0en beschermen de huid tegen verdere\u00a0irritatie en uitdroging. De biologische wonderolie\u00a0(Castorolie) en avocado olie werken samen met de\u00a0kokos en sheabutter om de huid zacht en elastisch\u00a0te houden. Deze combinatie ondersteunt het\u00a0herstellend vermogen van de huid.<\/p>\n<p>De luierzalf is een baby cr\u00e8me zonder parfum. De formule is verrijkt met de essenti\u00eble oli\u00ebn van rode mandarijn, ho-hout, sandelhout en vanille extract<strong>.<\/strong>\u00a0De bijenwas en zachte witte klei maken de formule tot een superzachte, voedende luier zalf.<\/p>\n<p>Baby Chi luierzalf bestaat uit volledig plantaardige en biologische ingredi\u00ebnten en is vrij van synthetische stoffen en parfum. Hierdoor wordt de huid van je baby verwend met de beste ingredi\u00ebnten uit de natuur<\/li>\n<li>Keurmerk Biologisch<br \/>\nProductlabel Bio<br \/>\nMerk Chi Natural Life<\/p>\n<p>Ingredients:<br \/>\nRicinus communis seed oil, Cocos nucifera oil, Butyrospermum parkii butter, Cera alba, Kaolin, Persea gratissima oil, Camelina sativa seed oil, Citrus reticulata peel oil, Cinnamomum camphora linalooliferum wood oil, Vanilla planifolia fruit extract, Santalum spicata wood oil, Limonene*, Linalool*, Farnesol*.<\/p>\n<p>*Bestanddeel van essenti\u00eble olie<\/li>\n<\/ul>\n","protected":false},"excerpt":{"rendered":"<p>Inhoud: 100 ml<\/p>\n<ul>\n<li><strong>Bij luieruitslag en rode billetjes<\/strong><\/li>\n<li>Voedend bij een\u00a0<strong>geprikkelde en schrale huid<\/strong><\/li>\n<li>Verzacht de gevoelige huid<\/li>\n<li><strong>Beschermt tegen uitdroging<\/strong><\/li>\n<li>Zachte luier zalf met o.a. castor, kokos en sheabutter<\/li>\n<li>1<strong>00% natuurlijke en biologische babyverzorging<\/strong><\/li>\n<li>Het beste uit de natuur voor jouw baby en jezelf<\/li>\n<\/ul>\n","protected":false},"featured_media":2732,"template":"","meta":[],"product_brand":[],"product_cat":[17,334],"product_tag":[322,324,293,323,325],"class_list":{"0":"post-2731","1":"product","2":"type-product","3":"status-publish","4":"has-post-thumbnail","6":"product_cat-chi-100-procent-natural-cosmetics","7":"product_cat-baby-chi","8":"product_tag-baby","9":"product_tag-billejtes","10":"product_tag-huid","11":"product_tag-lichaam","12":"product_tag-rode","14":"first","15":"instock","16":"shipping-taxable","17":"purchasable","18":"product-type-simple"},"jetpack_sharing_enabled":true,"_links":{"self":[{"href":"https:\/\/skinperfection.nl\/index.php\/wp-json\/wp\/v2\/product\/2731","targetHints":{"allow":["GET"]}}],"collection":[{"href":"https:\/\/skinperfection.nl\/index.php\/wp-json\/wp\/v2\/product"}],"about":[{"href":"https:\/\/skinperfection.nl\/index.php\/wp-json\/wp\/v2\/types\/product"}],"wp:featuredmedia":[{"embeddable":true,"href":"https:\/\/skinperfection.nl\/index.php\/wp-json\/wp\/v2\/media\/2732"}],"wp:attachment":[{"href":"https:\/\/skinperfection.nl\/index.php\/wp-json\/wp\/v2\/media?parent=2731"}],"wp:term":[{"taxonomy":"product_brand","embeddable":true,"href":"https:\/\/skinperfection.nl\/index.php\/wp-json\/wp\/v2\/product_brand?post=2731"},{"taxonomy":"product_cat","embeddable":true,"href":"https:\/\/skinperfection.nl\/index.php\/wp-json\/wp\/v2\/product_cat?post=2731"},{"taxonomy":"product_tag","embeddable":true,"href":"https:\/\/skinperfection.nl\/index.php\/wp-json\/wp\/v2\/product_tag?post=2731"}],"curies":[{"name":"wp","href":"https:\/\/api.w.org\/{rel}","templated":true}]}}