{"id":2909,"date":"2025-05-07T14:35:33","date_gmt":"2025-05-07T14:35:33","guid":{"rendered":"https:\/\/skinperfection.nl\/?post_type=product&#038;p=2909"},"modified":"2025-05-07T14:35:34","modified_gmt":"2025-05-07T14:35:34","slug":"pepermuntverfrissend","status":"publish","type":"product","link":"https:\/\/skinperfection.nl\/index.php\/product\/pepermuntverfrissend\/","title":{"rendered":"Pepermunt etherische olie, Cultivar"},"content":{"rendered":"<p>Pepermuntolie is een van de meest populaire aroma&#8217;s ter wereld. Je herkent de geur en smaak direct. De olie zuivert de lucht en geeft een frisse geur in iedere ruimte. Pepermunt zorgt voor een vrijere ademhaling. Op de huid, gemengd met een massage- of vette plantolie, verkoelt pepermunt de huid.<\/p>\n<h2><strong>Focus met essenti\u00eble oli\u00ebn<\/strong><\/h2>\n<p>Wist je dat essenti\u00eble oli\u00ebn kunnen helpen om te focussen \u00e9n ook om goed te studeren? Oli\u00ebn die stimuleren en ons concentratievermogen verbeteren zijn zwarte peper, citroen, pepermunt en rozemarijn.<\/p>\n<p>Een extra tip is om een geur te verdampen tijdens het leren, je koppelt namelijk deze geur aan je herinnering. Als je deze olie op een tissue druppelt en hier tijdens een examen regelmatig aan ruikt, dan vergroot je de kans dat je de antwoorden beter kunt herinneren. Daarnaast is het sowieso goed om tijdens het examen de zintuigen te stimuleren met geuren!<\/p>\n<h2>Pepermunt in de zorg<\/h2>\n<p>Pepermuntolie heeft een luchtzuiverende werking. Ze houden de lucht en de luchtwegen gezond. In combinatie met een aroma diffuser is deze olie daardoor onmisbaar op de ziekenkamer.<\/p>\n<h2><strong>Oorsprong<\/strong><\/h2>\n<p><span data-contrast=\"auto\">Chi Natural Life is al meer dan 40 jaar verbonden met de wereldwijde natuur. Over de hele wereld selecteren wij de beste, 100% natuurlijke grondstoffen voor onze producten. We werken enkel met de meest recente oogsten, direct van de boer of producent die vaak en wanneer mogelijk van biologische kwaliteit zijn.\u00a0<\/span><\/p>\n<p>&nbsp;<\/p>\n<div class=\"block-content pdp-full-desc read-opened\">\n<p><strong style=\"font-size: 1.41575em;\">Waarschuwing<\/strong><\/p>\n<p>Kan een allergische huidreactie veroorzaken. Buiten het bereik van kinderen houden. Bij contact met de huid: met veel water en zeep wassen. Bij huidirritatie of uitslag: een arts raadplegen. De olie is inwendig af te raden tijdens zwangerschap.<\/p>\n<p><em>Deze waarschuwingen zijn verplicht gesteld door de Europese Unie voor alle leveranciers van pure etherische oli\u00ebn.<\/em><\/p>\n<p>Keurmerk Cultivar<br \/>\nbotanische naam Mentha x piperita<br \/>\nAfkomst Egypte, Frankrijk, India<br \/>\nPlantdeel Bloeiende plant<br \/>\nPlantfamilie Lipbloemigen (Lamiaceae)<br \/>\nGeur Fris, Munt<br \/>\nBeleving Energie , Verfrissing<\/p>\n<p>Merk Chi Natural Life<\/p>\n<\/div>\n","protected":false},"excerpt":{"rendered":"<p>10 ml<\/p>\n<div class=\"product-text-wrapper\">\n<div class=\"block overview\">\n<div class=\"block-content pdp-short-desc \">\n<p>Pepermuntolie is een van de meest populaire aroma&#8217;s ter wereld. Je herkent de frisse geur en smaak direct!<\/p>\n<\/div>\n<\/div>\n<div class=\"product-audio\"><\/div>\n<\/div>\n<div class=\"product-add-form\">\n<form id=\"product_addtocart_form\" action=\"https:\/\/professionals.chi.nl\/checkout\/cart\/add\/uenc\/aHR0cHM6Ly9wcm9mZXNzaW9uYWxzLmNoaS5ubC9wZXBlcm11bnQtZXRoZXJpc2NoZS1vbGllLWN1bHRpdmFyLmh0bWw%2C\/product\/249\/\" method=\"post\" novalidate=\"novalidate\" data-product-sku=\"34420\">\n<div id=\"product-options-wrapper\" class=\"product-options-wrapper\" data-hasrequired=\"* Verplichte velden\">\n<div class=\"fieldset\" tabindex=\"0\">\n<div class=\"swatch-opt\" data-role=\"swatch-options\" data-rendered=\"true\">\n<div class=\"swatch-attribute inhoud\" data-attribute-code=\"inhoud\" data-attribute-id=\"143\"><\/div>\n<\/div>\n<\/div>\n<\/div>\n<\/form>\n<\/div>\n","protected":false},"featured_media":2910,"template":"","meta":[],"product_brand":[],"product_cat":[17,84],"product_tag":[],"class_list":{"0":"post-2909","1":"product","2":"type-product","3":"status-publish","4":"has-post-thumbnail","6":"product_cat-chi-100-procent-natural-cosmetics","7":"product_cat-etherische-olien","9":"first","10":"instock","11":"shipping-taxable","12":"purchasable","13":"product-type-simple"},"jetpack_sharing_enabled":true,"_links":{"self":[{"href":"https:\/\/skinperfection.nl\/index.php\/wp-json\/wp\/v2\/product\/2909","targetHints":{"allow":["GET"]}}],"collection":[{"href":"https:\/\/skinperfection.nl\/index.php\/wp-json\/wp\/v2\/product"}],"about":[{"href":"https:\/\/skinperfection.nl\/index.php\/wp-json\/wp\/v2\/types\/product"}],"wp:featuredmedia":[{"embeddable":true,"href":"https:\/\/skinperfection.nl\/index.php\/wp-json\/wp\/v2\/media\/2910"}],"wp:attachment":[{"href":"https:\/\/skinperfection.nl\/index.php\/wp-json\/wp\/v2\/media?parent=2909"}],"wp:term":[{"taxonomy":"product_brand","embeddable":true,"href":"https:\/\/skinperfection.nl\/index.php\/wp-json\/wp\/v2\/product_brand?post=2909"},{"taxonomy":"product_cat","embeddable":true,"href":"https:\/\/skinperfection.nl\/index.php\/wp-json\/wp\/v2\/product_cat?post=2909"},{"taxonomy":"product_tag","embeddable":true,"href":"https:\/\/skinperfection.nl\/index.php\/wp-json\/wp\/v2\/product_tag?post=2909"}],"curies":[{"name":"wp","href":"https:\/\/api.w.org\/{rel}","templated":true}]}}