{"id":453,"date":"2020-05-26T19:07:27","date_gmt":"2020-05-26T19:07:27","guid":{"rendered":"http:\/\/www.skinperfection.nl\/?post_type=product&#038;p=453"},"modified":"2022-09-02T13:10:55","modified_gmt":"2022-09-02T13:10:55","slug":"cec-serum-triple-rosa-mosqueta","status":"publish","type":"product","link":"https:\/\/skinperfection.nl\/index.php\/product\/cec-serum-triple-rosa-mosqueta\/","title":{"rendered":"CEC Serum Triple Rosa mosqueta"},"content":{"rendered":"<p>Serum RM<sup>3\u00a0<\/sup>(Triple Rosa Mosqueta) is een krachtige synergie van drie rozenbotteloli\u00ebn: plantolie van de geperste zaden, het CO2 extract van de bottels en van de zaden. Deze drie oli\u00ebn samen hebben een prachtige rode kleur en een fantastische huidherstellende werking.<\/p>\n<h2><strong>Waarom Serum RM<sup>3 &#8211;\u00a0<\/sup><\/strong><strong>Triple Rosa Mosqueta?<\/strong><\/h2>\n<ul>\n<li>Ondersteunt de collageenproductie<\/li>\n<li>Helpt rimpelvorming te vertragen<\/li>\n<li>Bij rode en gevoelige huid<\/li>\n<li>Super Anti-Aging<\/li>\n<li>Verzacht littekens<\/li>\n<li>Huidherstellend<\/li>\n<li>Bij zonnebrand<\/li>\n<\/ul>\n<h2><\/h2>\n<p><em>Genomineerd als Professional Beauty Product Of The Year 2018 in de categorie \u2018groene cosmetica\u2019!<\/em><\/p>\n<p>&nbsp;<\/p>\n<p>&nbsp;<\/p>\n","protected":false},"excerpt":{"rendered":"<div class=\"block-content pdp-full-desc read-opened\">\n<div class=\"block-content pdp-full-desc read-opened\">\n<p>Inhoud 15 ml<\/p>\n<p>Serum RM<sup>3\u00a0<\/sup>is een krachtige synergie van drie rozenbotteloli\u00ebn: plantolie van de geperste zaden, het CO2 extract van de bottels en van de zaden. Het 100% biologische serum is van nature rijk aan werkzame bestanddelen voor een gezonde, stevige en jonge huid.<\/p>\n<h2><strong>Waarom Serum RM<sup>3 &#8211;\u00a0<\/sup><\/strong><strong>Triple Rosa Mosqueta?<\/strong><\/h2>\n<ul>\n<li>Ondersteunt de collageenproductie<\/li>\n<li>Helpt rimpelvorming te vertragen<\/li>\n<li>Bij rode en gevoelige huid<\/li>\n<li>Super Anti-Aging<\/li>\n<li>Verzacht littekens<\/li>\n<li>Huidherstellend<\/li>\n<li>Bij zonnebrand<\/li>\n<\/ul>\n<h2><strong>Premium huidverbetering<\/strong><\/h2>\n<p>Serum\u00a0RM<sup>3\u00a0<\/sup>is van nature rijk aan vitaminen, mineralen, essenti\u00eble vetzuren, b\u00e8tacaroteen, essenti\u00eble olie en het bijzondere trans-retinolzuur: een vitamine A zuur. Deze stoffen geven het serum uitzonderlijke eigenschappen: o.a. het ondersteunen van het herstellend vermogen van de huid, het verzachten van littekens, en het stimuleren van de collageenproductie. Hierdoor wordt de huid steviger en helpt het serum om rimpelvorming te vertragen.<\/p>\n<h2><strong>Hoe gebruik je het Serum?<\/strong><\/h2>\n<p>Met dit serum geef je de huid een oppepper. Je kun deze puur als serum gebruiken. Het is ook mogelijk het serum te mengen met een Skin Oil van Chi Essential Cosmetics.<br \/>\nHeeft jouw huid een boost nodig? Breng dan het Serum aan onder het pop-up masker. Dit is een fantastisch onderdeel van een anti-aging behandeling. Het pop-up masker helpt om de werkstoffen nog beter in de huid te begeleiden. Daarnaast werkt het pop-up masker in combinatie met een hydrolaat \u00e9n het serum tegelijk, super hydraterend voor de huid.<\/p>\n<p><strong>Let op<\/strong>: koel en donker te bewaren. Houdbaar tot 6 maanden na opening.<\/p>\n<p><strong>Ingredi\u00ebnten<\/strong><\/p>\n<p><span data-contrast=\"auto\">Rosa canina fruit oil, Rosa canina fruit extract, Rosa canina seed extract, Rosmarinus officinalis leaf extract<\/span><span data-ccp-props=\"{&quot;201341983&quot;:0,&quot;335559739&quot;:160,&quot;335559740&quot;:259}\">\u00a0<\/span><\/p>\n<p><span data-contrast=\"auto\">100% Biologisch<\/span><span data-ccp-props=\"{&quot;201341983&quot;:0,&quot;335559739&quot;:160,&quot;335559740&quot;:259}\">\u00a0<\/span><\/p>\n<p><strong>Over de rozenbottel<\/strong><\/p>\n<p>Rozenbottels zijn niet de vruchten van rozen, maar het zijn de opgezwollen bloembodems met daarin dopvruchtjes. Om de plantolie te winnen worden vooral de bottels gebruikt van de Rosa mosqueta (ook wel rubiginosa of canina). Eind februari tot maart worden de rozenbottels geoogst. Zaden bevatten maar 8% olie, dus de opbrengst aan olie is laag. Deze koudgeperste en ongeraffineerde rozenbottelolie is diep geel-roodachtig van kleur (omdat er meestal ook vruchtvlees mee wordt geperst) en heeft een sterke geur.<\/p>\n<h2><strong>Anti aging &amp; huidherstel<\/strong><\/h2>\n<p>Rozenbottelolie is in te zetten waar het ondersteunen van het herstellend vermogen van de huid nodig is. \u00a0Rozenbottelolie bevat betacaroteen, een inhoudsstof die werkt als een antioxidant en voorloper van vitamine A in de huid. Het wordt in ge\u00efsoleerde vorm toegevoegd aan huidverzorgingsproducten en geeft een (oranje) kleur aan voedingsmiddelen. Van betacaroteen is bekend dat het een goede antioxidant werking heeft, daarom is deze stof van grote waarde in anti aging producten. Samen met het aanwezige trans-retinolzuur helpt betacaroteen de huid te beschermen en te herstellen tegen o.a. veroudering.<\/p>\n<p>Een klinische studie (Walt 2016) toont aan dat een lang gebruik van rozenbottelolie helpt de rimpelvorming te vertragen met maar liefst 7%, dankzij de aanwezigheid van trans-retinolzuur.\u00a0 Ook werd aangetoond dat zelfs een eenmalige toepassing van rozenbottelolie significant de huidhydratatie en elasticiteit verbetert. Een langdurig gebruik van 2 tot 3 maanden heeft een aanhoudend effect met een maximum hydratatie!<\/p>\n<h2><strong>Zonnebrand<\/strong><\/h2>\n<p>Bij zonnebrand kan het Serum RM<sup>3<\/sup>van grote waarde zijn! \u00c9\u00e9n van de vele bestanddelen is trans-retinolzuur. Trans-retinolzuur (een stofwisselingsproduct uit vitamine A) is een zuur dat gebonden is aan de onverzadigde vetzuren in de rozenbottelolie. Door deze binding wordt het zeer actieve trans-retinolzuur bij contact met de huid door de huideigen lipasen (enzymen) gesplitst en komt het langzaam vrij. Het is te vergelijken met tretino\u00efne (dit is het synthetisch geproduceerde retinolzuur die de geneeskunde en cosmeticaindustrie toepassen), maar dan zonder de bijwerkingen! Dit zuur is deels verantwoordelijk voor het bindweefsel in de huid. Serum Triple Rosa Mosqueta kan ook helpen bij een snellere en egalere bruining van de huid. Let op: Dit is geen vervanger voor een SPF-zon bescherming.<\/p>\n<h2><strong>Ondersteunt collageenproductie &amp; verzacht littekens<\/strong><\/h2>\n<p>De bijzondere eigenschappen van rozenbottelolie werden voor het eerst ontdekt in 1983. Een studie van twee jaar naar de werking van deze olie werd uitgevoerd bij 180 pati\u00ebnten met een o.a. een vroegtijdige huidveroudering. Resultaat: het herstellend vermogen van de huid werd ondersteund door de rozenbottelolie. Het zijn de onverzadigde vetzuren in de olie die de celmembranen \u2018voeden\u2019 en dit helpt rimpelvorming te vertragen.<\/p>\n<p>De olie vermindert waterverlies in de huid en reguleert de functie van de talgklieren. In studies komt naar voren dat rozenbottel verzachtend werkt op littekenvorming. Men suggereert dat de collageensynthese verbeterd wordt. Naast de vetzuren is het ook de aanwezigheid van het trans-retinolzuur die bijdraagt aan de werking van rozenbottelolie.<\/p>\n<h2><strong>Kwaliteit<\/strong><\/h2>\n<p>Wist je dat de je zuivere, ongeraffineerde rozenbottelolie maar kort kunt bewaren? De olie verbindt zich snel met zuurstof (oxidatie), ondanks de aanwezigheid van vitamine E wat meestal zorgt voor een langere houdbaarheid. Daarom wordt er veel rozenbottelolie geraffineerd; dit geeft de olie een heldere kleur, verhoogde houdbaarheid en een tamelijk neutrale geur. Helaas verliest de olie dan een deel van haar werking: trans-retinolzuur komt alleen voor in koudgeperste rozenbottelolie en dus niet in warm geperste olie en\/of olie dat met een oplosmiddel is ge\u00ebxtraheerd. Dit is de reden dat pure, onbewerkte rozenbottelolie meestal toegevoegd wordt aan andere plantoli\u00ebn. Daarom is het Serum RM<sup>3\u00a0<\/sup>een combi van plantoli\u00ebn, met twee geconcentreerde CO2 extracten: voor een langere houdbaarheid en een krachtige werking. En dat 100% biologisch!<\/p>\n<\/div>\n<p>&nbsp;<\/p>\n<p>&nbsp;<\/p>\n<\/div>\n","protected":false},"featured_media":1906,"template":"","meta":[],"product_brand":[],"product_cat":[17,38],"product_tag":[],"class_list":{"0":"post-453","1":"product","2":"type-product","3":"status-publish","4":"has-post-thumbnail","6":"product_cat-chi-100-procent-natural-cosmetics","7":"product_cat-serums-en-maskers-en-oogcontour-verzorging","9":"first","10":"instock","11":"shipping-taxable","12":"purchasable","13":"product-type-simple"},"jetpack_sharing_enabled":true,"_links":{"self":[{"href":"https:\/\/skinperfection.nl\/index.php\/wp-json\/wp\/v2\/product\/453","targetHints":{"allow":["GET"]}}],"collection":[{"href":"https:\/\/skinperfection.nl\/index.php\/wp-json\/wp\/v2\/product"}],"about":[{"href":"https:\/\/skinperfection.nl\/index.php\/wp-json\/wp\/v2\/types\/product"}],"wp:featuredmedia":[{"embeddable":true,"href":"https:\/\/skinperfection.nl\/index.php\/wp-json\/wp\/v2\/media\/1906"}],"wp:attachment":[{"href":"https:\/\/skinperfection.nl\/index.php\/wp-json\/wp\/v2\/media?parent=453"}],"wp:term":[{"taxonomy":"product_brand","embeddable":true,"href":"https:\/\/skinperfection.nl\/index.php\/wp-json\/wp\/v2\/product_brand?post=453"},{"taxonomy":"product_cat","embeddable":true,"href":"https:\/\/skinperfection.nl\/index.php\/wp-json\/wp\/v2\/product_cat?post=453"},{"taxonomy":"product_tag","embeddable":true,"href":"https:\/\/skinperfection.nl\/index.php\/wp-json\/wp\/v2\/product_tag?post=453"}],"curies":[{"name":"wp","href":"https:\/\/api.w.org\/{rel}","templated":true}]}}