{"id":470,"date":"2020-05-26T19:49:33","date_gmt":"2020-05-26T19:49:33","guid":{"rendered":"http:\/\/www.skinperfection.nl\/?post_type=product&#038;p=470"},"modified":"2025-08-01T00:00:07","modified_gmt":"2025-08-01T00:00:07","slug":"cec-balm-rose","status":"publish","type":"product","link":"https:\/\/skinperfection.nl\/index.php\/product\/cec-balm-rose\/","title":{"rendered":"CEC Balm Rose"},"content":{"rendered":"<p>&nbsp;<\/p>\n<div class=\"block-title\"><strong>Omschrijving<\/strong><\/div>\n<div class=\"block-content pdp-full-desc read-opened\">\n<p>Deze veelzijdige Balm is een goede dag- en nachtverzorging en kan samen met de Lotion op de huid aangebracht worden. Touch Of Roses Balm bevat bijenwas en de biologische plantoli\u00ebn van argan, jojoba en kokos, aangevuld met unieke sacha inchi olie, hennepzaadolie en natuurlijk met de essenti\u00eble olie van de Bulgaarse roos \u00e9n witte roos.<br \/>\nHet bijenwas in de balm laat een fluweelzacht laagje achter op de huid en houdt deze soepel!<\/p>\n<h2>Gebruik<\/h2>\n<p>De veelzijdige Balm is een goede dag- en nachtverzorging en kan samen met de Lotion op de huid aangebracht worden. Voeg hiervoor 1 tot 4 pompjes toe aan een hoeveelheid balm ter grootte van een speldenknop. Touch Of Roses Balm is zuinig in gebruik, door de kleine hoeveelheid die je gebruikt.<\/p>\n<h2>Ingredi\u00ebnten<\/h2>\n<p>Simmondsia chinensis seed oil, Cera alba, Cocos nucifera oil, Argania spinosa kernel oil, Plukenetia volubilis seed oil, Rosa damascena flower oil, Rosa alba flower oil, Geraniol**, Citronellol**, Farnesol**, Eugenol**, Linalool**, Methyl eugenol**<\/p>\n<p>100% Biologisch<\/p>\n<p>**Bestanddeel van essenti\u00eble olie<\/p>\n<h2>Over de ingredi\u00ebnten<\/h2>\n<p><strong>Over jojoba olie<\/strong>: Wij kiezen in bijna al onze producten voor de toevoeging van jojobawas en dat is niet voor niets! Jojoba is een fantastische huidverzorger en \u2013beschermer. Het feit dat jojoba bij zowel vette als droge huidproblemen haar waarde heeft bewezen, zegt iets over de veelzijdigheid van jojoba.<br \/>\nLees\u00a0<a href=\"https:\/\/www.chiessentialcosmetics.eu\/jojoba\/\">hier<\/a>\u00a0meer over jojoba.<\/p>\n<p><strong>Over bijenwas<\/strong>: In de huidverzorging heeft bijenwas al een lange traditie. In het antieke Griekenland werden bijenwas en olijfolie, samen met rozenwater gemengd en als een soort cr\u00e8me gebruikt. Tegenwoordig wordt bijenwas gebruikt als ingredi\u00ebnt dat bijdraagt aan stevigheid en duurzaamheid van huidproducten. Het geeft een dikke, romige structuur aan balsems en is fantastisch voor een droge huid: het heeft een zeer goede huid beschermende werking en kan huidvochtverdamping verminderen. Bijenwas laat zuurstof en licht door: de bijenlarven hebben immers ook zuurstof en licht nodig. Daarom zal bijenwas de pori\u00ebn niet verstoppen.<\/p>\n<p><strong>Over argan:<\/strong>\u00a0De pure argan wordt koudgeperst uit de ongeroosterde noten van de arganboom uit Marrokko. De olie is zeer populair in de huidverzorging en dat is niet voor niets. De olie is rimpelreducerend, huidherstellend, beschermt tegen invloeden van buitenaf en maakt de huid fluweelzacht. Een zeer geschikte huidolie voor de droge, oudere, beschadigde en ruwe huid! Arganolie wordt snel door de huid opgenomen en is tevens zeer geschikt voor het verzorgen van haar en nagels.<\/p>\n<p><strong>Over sacha-inchi:<\/strong>\u00a0In de huidverzorging is sacha inchi een goede olie voor de behandeling van geprikkelde huid, droge huid en droog haar. Het is goed voor het bindweefsel in de huid en houdt de huid elastisch. Het hoge aandeel aan linolzuur en alfa-linoleenzuur maakt dat deze bijzondere olie in te zetten is bij acne en het beperken van littekenvorming. De olie gaat goed samen met oli\u00ebn als sheabutter en avocado die meehelpen de onverzadigde vetzuren in de huid te brengen.<\/p>\n<p>Sacha Inchi bevat een aantal anti-oxidanten, zoals vitamine A en E, welke helpen bij het herstel en bescherming van de huid door milieu-invloeden en de zon. Vitamine E zorgt ook voor een langere houdbaarheid van deze olie. De Sacha Inchi struik geeft het hele jaar zaden zodat er meerdere keren per jaar kan worden geoogst, dit is erg positief voor de boeren waar we mee samenwerken.<\/p>\n<p><strong>Over kokos:<\/strong>\u00a0Biologische kokosolie is een heerlijke olie voor de huid en is geschikt voor alle huidtypen. Vanwege de licht hydraterende werking is de olie met name geschikt voor de droge huid. Een mengsel met jojoba olie is ideaal bij een gebarsten huid. Biologische kokosolie werkt ontspannend en is licht verkoelend. De olie kan gebruikt worden in de dagelijkse verzorging van gezicht en lichaam, maar is tevens een heerlijke basis- en massageolie en aftersun. Ook voor baby&#8217;s en kinderen is deze olie zeer geschikt. Regelmatig gebruik maakt de huid zacht en elastisch.\u00a0Ongeraffineerde, biologische kokosolie bevat veel vitamine E en tocotri\u00ebnolen. Deze antioxidanten vertragen de gevolgen van het ouder worden.<br \/>\nLees\u00a0<a href=\"https:\/\/www.chiessentialcosmetics.eu\/huidverzorging-kokosolie\/\">hier<\/a>\u00a0meer over kokos.<\/p>\n<p><strong>Over roze roos:<\/strong>\u00a0Een van de kostbaarste bloemenoli\u00ebn: men heeft ongeveer tweehonderd rozen nodig voor een druppel olie! Rozenolie is een van de meest gecompliceerde oli\u00ebn qua structuur en chemie. De geur van rozenolie opent ons hart en zorgt voor harmonie. Op de huid heeft rozenolie een zeer verzorgende werking en ze helpt rimpelvorming te vertragen. Rozenolie verbetert de huidtextuur, waardoor de huid er gladder, zachter en jonger uit gaat zien! De brede werking van rozenolie maakt de olie zeer geschikt bij alle huidtypen. Door haar zachtheid hebben mensen met een acne huid, een droge, gevoelige en oudere huid baat bij producten waar roos in verwerkt is.<br \/>\nLees\u00a0<a href=\"https:\/\/www.chiessentialcosmetics.eu\/huidverzorging-kokosolie\/\">hier<\/a>\u00a0meer over Roos.<\/p>\n<p><strong>Over witte roos:<\/strong>\u00a0De witte roos is als een witte bruid van de essenti\u00eble oli\u00ebn: een serene, verfijnde olie met een zoete en verleidelijke geur. De Rosa alba, ofwel de witte roos, is in vergelijking met de Rosa Damascena bescheiden en nog zachter voor de huid, als een beschermende sluier. De witte roos geeft de Balm een nog intensere rozengeur!<\/p>\n<\/div>\n<p>&nbsp;<\/p>\n","protected":false},"excerpt":{"rendered":"<p>De 100% natuurlijke Balm van Touch Of Roses, verzorgt en beschermt de huid! Gebruik deze veelzijdige huidbalsem als dag- en nachtverzorging, of zelfs bij een massage!<\/p>\n","protected":false},"featured_media":1868,"template":"","meta":[],"product_brand":[],"product_cat":[17,34],"product_tag":[],"class_list":{"0":"post-470","1":"product","2":"type-product","3":"status-publish","4":"has-post-thumbnail","6":"product_cat-chi-100-procent-natural-cosmetics","7":"product_cat-a-touch-of-roses","9":"first","10":"instock","11":"shipping-taxable","12":"purchasable","13":"product-type-simple"},"jetpack_sharing_enabled":true,"_links":{"self":[{"href":"https:\/\/skinperfection.nl\/index.php\/wp-json\/wp\/v2\/product\/470","targetHints":{"allow":["GET"]}}],"collection":[{"href":"https:\/\/skinperfection.nl\/index.php\/wp-json\/wp\/v2\/product"}],"about":[{"href":"https:\/\/skinperfection.nl\/index.php\/wp-json\/wp\/v2\/types\/product"}],"wp:featuredmedia":[{"embeddable":true,"href":"https:\/\/skinperfection.nl\/index.php\/wp-json\/wp\/v2\/media\/1868"}],"wp:attachment":[{"href":"https:\/\/skinperfection.nl\/index.php\/wp-json\/wp\/v2\/media?parent=470"}],"wp:term":[{"taxonomy":"product_brand","embeddable":true,"href":"https:\/\/skinperfection.nl\/index.php\/wp-json\/wp\/v2\/product_brand?post=470"},{"taxonomy":"product_cat","embeddable":true,"href":"https:\/\/skinperfection.nl\/index.php\/wp-json\/wp\/v2\/product_cat?post=470"},{"taxonomy":"product_tag","embeddable":true,"href":"https:\/\/skinperfection.nl\/index.php\/wp-json\/wp\/v2\/product_tag?post=470"}],"curies":[{"name":"wp","href":"https:\/\/api.w.org\/{rel}","templated":true}]}}