{"id":488,"date":"2020-05-27T11:12:52","date_gmt":"2020-05-27T11:12:52","guid":{"rendered":"http:\/\/www.skinperfection.nl\/?post_type=product&#038;p=488"},"modified":"2025-03-01T00:00:04","modified_gmt":"2025-03-01T00:00:04","slug":"cec-balm-happiness","status":"publish","type":"product","link":"https:\/\/skinperfection.nl\/index.php\/product\/cec-balm-happiness\/","title":{"rendered":"CEC Balm Happiness"},"content":{"rendered":"<p>Deze veelzijdige balm is een goede dag- en nachtverzorging en kan samen met de lotion op de huid aangebracht worden. A Touch Of Happiness Balm bevat bijenwas en de biologische plantoli\u00ebn van argan, jojoba en kokos, aangevuld met unieke sacha inchi olie, hennepzaadolie en natuurlijk met de essenti\u00eble oli\u00ebn.<br \/>\nHet bijenwas in de balm laat een fluweelzacht laagje achter op de huid en houdt deze soepel!<\/p>\n<h2>Gebruik<\/h2>\n<p>De veelzijdige balm is een goede dag- en nachtverzorging en kan samen met de lotion op de huid aangebracht worden. Voeg hiervoor 1 tot 4 pompjes toe aan een hoeveelheid balm ter grootte van een speldenknop. A Touch Of Happiness Balm is zuinig in gebruik, door de kleine hoeveelheid die je gebruikt.<\/p>\n<h2>Over de ingredi\u00ebnten<\/h2>\n<p><strong>Over jojoba olie:<\/strong>\u00a0Wij kiezen in bijna al onze producten voor de toevoeging van jojobawas en dat is niet voor niets! Jojoba is een fantastische huidverzorger en \u2013beschermer. Het feit dat jojoba bij zowel vette als droge huidproblemen haar waarde heeft bewezen, zegt iets over de veelzijdigheid van jojoba.<\/p>\n<p><strong>Over bijenwas:<\/strong>\u00a0In de huidverzorging heeft bijenwas al een lange traditie. In het antieke Griekenland werden bijenwas en olijfolie, samen met rozenwater gemengd en als een soort cr\u00e8me gebruikt. Tegenwoordig wordt bijenwas gebruikt als ingredi\u00ebnt dat bijdraagt aan stevigheid en duurzaamheid van huidproducten. Het geeft een dikke, romige structuur aan balsems en is fantastisch voor een droge huid: het heeft een zeer goede huid beschermende werking en kan huidvochtverdamping verminderen. Bijenwas laat zuurstof en licht door: de bijenlarven hebben immers ook zuurstof en licht nodig. Daarom zal bijenwas de pori\u00ebn niet verstoppen.<\/p>\n<p><strong>Over argan:<\/strong>\u00a0De pure argan wordt koudgeperst uit de ongeroosterde noten van de arganboom uit Marrokko. De olie is zeer populair in de huidverzorging en dat is niet voor niets. De olie is rimpelreducerend, huidherstellend, beschermt tegen invloeden van buitenaf en maakt de huid fluweelzacht. Een zeer geschikte huidolie voor de droge, oudere, beschadigde en ruwe huid! Arganolie wordt snel door de huid opgenomen en is tevens zeer geschikt voor het verzorgen van haar en nagels.<\/p>\n<p><strong>Over sacha-inchi:<\/strong>\u00a0In de huidverzorging is Sacha inchi een goede olie voor de behandeling van geprikkelde huid, droge huid en droog haar. Het is goed voor het bindweefsel in de huid en houdt de huid elastisch. Het hoge aandeel aan linolzuur en alfa-linoleenzuur maakt dat deze bijzondere olie in te zetten is bij acne en het beperken van littekenvorming. De olie gaat goed samen met oli\u00ebn als sheabutter en avocado die meehelpen de onverzadigde vetzuren in de huid te brengen.<\/p>\n<p>Sacha Inchi bevat een aantal anti-oxidanten, zoals vitamine A en E, welke helpen bij het herstel en bescherming van de huid door milieu-invloeden en de zon. Vitamine E zorgt ook voor een langere houdbaarheid van deze olie. De Sacha Inchi struik geeft het hele jaar zaden zodat er meerdere keren per jaar kan worden geoogst, dit is erg positief voor de boeren waar we mee samenwerken.<\/p>\n<p><strong>Over kokos:<\/strong>\u00a0Biologische kokosolie is een heerlijke olie voor de huid en is geschikt voor alle huidtypen. Vanwege de licht hydraterende werking is de olie met name geschikt voor de droge huid. Een mengsel met jojoba olie is ideaal bij een gebarsten huid. Biologische kokosolie werkt ontspannend en is licht verkoelend. De olie kan gebruikt worden in de dagelijkse verzorging van gezicht en lichaam, maar is tevens een heerlijke basis- en massageolie en aftersun. Ook voor baby&#8217;s en kinderen is deze olie zeer geschikt. Regelmatig gebruik maakt de huid zacht en elastisch.\u00a0Ongeraffineerde, biologische kokosolie bevat veel vitamine E en tocotri\u00ebnolen. Deze antioxidanten vertragen de gevolgen van het ouder worden.<\/p>\n<p><strong>Over sinaasappel:<\/strong>\u00a0In de huidverzorging is sinaasappel in te zetten bij een normaal tot vet huidtype. Sinaasappel werkt anti-rimpel, verzacht een gebarsten huid en versterkt de opperhuid. Sinaasappel ondersteund bij regeneratie van huidcellen.<\/p>\n<p><strong>Over mandarijn:<\/strong>\u00a0In de huidverzorging is mandarijn in te zetten bij acne, een gecombineerde en vette huid. Mandarijn werkt hydraterend en verzacht de droge huid.<\/p>\n<p><strong>Over benzo\u00eb:<\/strong>\u00a0Benzo\u00eb werkt huidherstellend en regenererend. Is geschikt voor een acne huid vanwege zijn kalmerende werking. Ook bij behandeling van littekens of brandwonden kan benzo\u00eb ingezet worden.<\/p>\n<p><strong>Over vanille:<\/strong>\u00a0Op de huid werkt vanille helend, verzachtend en verwarmend.<\/p>\n<p>*Van biologische herkomst.<\/p>\n","protected":false},"excerpt":{"rendered":"<p>De 100% natuurlijke balm van A Touch Of Happiness, verzorgt en beschermt de huid! Gebruik deze veelzijdige huidbalsem als dag- en nachtverzorging, of zelfs bij een massage!<\/p>\n<p><strong>Geur<\/strong><br \/>\nBloemig, Citrusvrucht, Fruitig<\/p>\n<p><strong>Merk<\/strong><br \/>\nCEC<\/p>\n<p><strong>Indicaties Cosmetisch<\/strong><br \/>\nDroge huid, Gecombineerde huid, Gevoelige huid, Huidverzorgend, Kalmerend &amp; verzachtend, Ruwe &amp; schrale huid<\/p>\n","protected":false},"featured_media":2302,"template":"","meta":[],"product_brand":[],"product_cat":[17,37],"product_tag":[],"class_list":{"0":"post-488","1":"product","2":"type-product","3":"status-publish","4":"has-post-thumbnail","6":"product_cat-chi-100-procent-natural-cosmetics","7":"product_cat-a-touch-of-happiness","9":"first","10":"instock","11":"shipping-taxable","12":"purchasable","13":"product-type-simple"},"jetpack_sharing_enabled":true,"_links":{"self":[{"href":"https:\/\/skinperfection.nl\/index.php\/wp-json\/wp\/v2\/product\/488","targetHints":{"allow":["GET"]}}],"collection":[{"href":"https:\/\/skinperfection.nl\/index.php\/wp-json\/wp\/v2\/product"}],"about":[{"href":"https:\/\/skinperfection.nl\/index.php\/wp-json\/wp\/v2\/types\/product"}],"wp:featuredmedia":[{"embeddable":true,"href":"https:\/\/skinperfection.nl\/index.php\/wp-json\/wp\/v2\/media\/2302"}],"wp:attachment":[{"href":"https:\/\/skinperfection.nl\/index.php\/wp-json\/wp\/v2\/media?parent=488"}],"wp:term":[{"taxonomy":"product_brand","embeddable":true,"href":"https:\/\/skinperfection.nl\/index.php\/wp-json\/wp\/v2\/product_brand?post=488"},{"taxonomy":"product_cat","embeddable":true,"href":"https:\/\/skinperfection.nl\/index.php\/wp-json\/wp\/v2\/product_cat?post=488"},{"taxonomy":"product_tag","embeddable":true,"href":"https:\/\/skinperfection.nl\/index.php\/wp-json\/wp\/v2\/product_tag?post=488"}],"curies":[{"name":"wp","href":"https:\/\/api.w.org\/{rel}","templated":true}]}}