{"id":627,"date":"2020-05-28T10:34:17","date_gmt":"2020-05-28T10:34:17","guid":{"rendered":"http:\/\/www.skinperfection.nl\/?post_type=product&#038;p=627"},"modified":"2026-03-05T14:12:23","modified_gmt":"2026-03-05T14:12:23","slug":"bio-lamis-oogcreme","status":"publish","type":"product","link":"https:\/\/skinperfection.nl\/index.php\/product\/bio-lamis-oogcreme\/","title":{"rendered":"Bio Lamis Oogcreme"},"content":{"rendered":"<ul>\n<li>Ultieme hydratatie van de huid rondom uw ogen.<\/li>\n<li>Zorgt voor een\u00a0gladstrijkend en verstevigend effect<\/li>\n<li>Wordt snel opgenomen<\/li>\n<li>Bestrijdt\u00a0tekenen van vermoeidheid, zoals wallen en kringen.<\/li>\n<li>Verlevendigt de blik<\/li>\n<\/ul>\n<p>Een goede\u00a0<strong>oogcr\u00e8me<\/strong>\u00a0kan wonderen verrichten. De huid rondom je ogen is dunner en gevoeliger dan de rest van je gezicht, waardoor deze kwetsbaarder is voor invloeden van buitenaf. De juiste oogverzorging is dus\u00a0<strong>essentieel<\/strong>. Na het smeren zie je er in de ochtend niet alleen een stuk wakkerder uit, ook helpt een oogcr\u00e8me de huid te verzorgen, en rimpels en fijne lijntjes te verminderen.<\/p>\n<p>Te gebruiken onder de dag en nachtcreme. Prachtig in de praktijk om de\u00a0<u><a href=\"https:\/\/www.bashya-therapy.com\/modulen\/naira-ooglift\">Naira Oogbehandeling<\/a><\/u>\u00a0uit te voeren. en of de\u00a0<u><a href=\"https:\/\/www.bashya-therapy.com\/modulen\/gezichtsreflexologie\">Gezichtsreflexologie behandeling<\/a><\/u>. Bashya Lamis is een oog, lippen en decollet\u00e9 cr\u00e8me. Goed te gebruiken bij wallen en fijne lijntjes om te ogen, het geeft een lift. Lamis kan ook als gezicht cr\u00e8me worden gebruik voor onder de make up.<\/p>\n","protected":false},"excerpt":{"rendered":"<p><em>Ingredi\u00ebnten: Vit E, Calendula, Rosehip, Cocos, Amandel,\u00a0Aloe Vera, Rosa Mosqueta, Phytic acid,\u00a0Algin, Ceder, Mirre, \u00a0Geranium, Avocado, Eugenol(uit kruidnagel), Farnesol(uit anijs),\u00a0Linalool (uit roos), Citroengras, Sheabutter<\/em><\/p>\n<p><strong>Inhoud:<\/strong>\u00a030ml<\/p>\n<p>&nbsp;<\/p>\n","protected":false},"featured_media":628,"template":"","meta":[],"product_brand":[],"product_cat":[22,86],"product_tag":[],"class_list":{"0":"post-627","1":"product","2":"type-product","3":"status-publish","4":"has-post-thumbnail","6":"product_cat-bashya","7":"product_cat-bashya-gezicht","9":"first","10":"instock","11":"shipping-taxable","12":"purchasable","13":"product-type-simple"},"jetpack_sharing_enabled":true,"_links":{"self":[{"href":"https:\/\/skinperfection.nl\/index.php\/wp-json\/wp\/v2\/product\/627","targetHints":{"allow":["GET"]}}],"collection":[{"href":"https:\/\/skinperfection.nl\/index.php\/wp-json\/wp\/v2\/product"}],"about":[{"href":"https:\/\/skinperfection.nl\/index.php\/wp-json\/wp\/v2\/types\/product"}],"wp:featuredmedia":[{"embeddable":true,"href":"https:\/\/skinperfection.nl\/index.php\/wp-json\/wp\/v2\/media\/628"}],"wp:attachment":[{"href":"https:\/\/skinperfection.nl\/index.php\/wp-json\/wp\/v2\/media?parent=627"}],"wp:term":[{"taxonomy":"product_brand","embeddable":true,"href":"https:\/\/skinperfection.nl\/index.php\/wp-json\/wp\/v2\/product_brand?post=627"},{"taxonomy":"product_cat","embeddable":true,"href":"https:\/\/skinperfection.nl\/index.php\/wp-json\/wp\/v2\/product_cat?post=627"},{"taxonomy":"product_tag","embeddable":true,"href":"https:\/\/skinperfection.nl\/index.php\/wp-json\/wp\/v2\/product_tag?post=627"}],"curies":[{"name":"wp","href":"https:\/\/api.w.org\/{rel}","templated":true}]}}