{"id":678,"date":"2020-05-30T15:18:50","date_gmt":"2020-05-30T15:18:50","guid":{"rendered":"https:\/\/www.skinperfection.nl\/?post_type=product&#038;p=678"},"modified":"2024-01-16T14:58:55","modified_gmt":"2024-01-16T14:58:55","slug":"reinigingsmelk","status":"publish","type":"product","link":"https:\/\/skinperfection.nl\/index.php\/product\/reinigingsmelk\/","title":{"rendered":"Reinigingsmelk"},"content":{"rendered":"<p>De Argan Reinigingsmelk is een zachte en milde oppervlakte reiniging voor gelaat en decollet\u00e9. Door de toepassing van heilzame kruiden, aroma-oli\u00ebn en voedende biologische ingredi\u00ebnten, zoals Jojobaolie en Alo\u00eb Vera, herstelt de reinigingsmelk het biologische evenwicht van de huid. De jojobaolie verzorgt, werkt ontstekingsremmend, vertraagt de talgafgifte en reguleert de vochtbalans. De Alo\u00eb Vera verzacht en hydrateert. Door de samenstelling van de melk is het een ideaal product om vuil en make- up van de huid te verwijderen.<\/p>\n","protected":false},"excerpt":{"rendered":"<p>150 ml<\/p>\n","protected":false},"featured_media":841,"template":"","meta":[],"product_brand":[],"product_cat":[30,31],"product_tag":[],"class_list":{"0":"post-678","1":"product","2":"type-product","3":"status-publish","4":"has-post-thumbnail","6":"product_cat-botanical-beauty","7":"product_cat-organic-argania-face","9":"first","10":"instock","11":"shipping-taxable","12":"purchasable","13":"product-type-simple"},"jetpack_sharing_enabled":true,"_links":{"self":[{"href":"https:\/\/skinperfection.nl\/index.php\/wp-json\/wp\/v2\/product\/678","targetHints":{"allow":["GET"]}}],"collection":[{"href":"https:\/\/skinperfection.nl\/index.php\/wp-json\/wp\/v2\/product"}],"about":[{"href":"https:\/\/skinperfection.nl\/index.php\/wp-json\/wp\/v2\/types\/product"}],"wp:featuredmedia":[{"embeddable":true,"href":"https:\/\/skinperfection.nl\/index.php\/wp-json\/wp\/v2\/media\/841"}],"wp:attachment":[{"href":"https:\/\/skinperfection.nl\/index.php\/wp-json\/wp\/v2\/media?parent=678"}],"wp:term":[{"taxonomy":"product_brand","embeddable":true,"href":"https:\/\/skinperfection.nl\/index.php\/wp-json\/wp\/v2\/product_brand?post=678"},{"taxonomy":"product_cat","embeddable":true,"href":"https:\/\/skinperfection.nl\/index.php\/wp-json\/wp\/v2\/product_cat?post=678"},{"taxonomy":"product_tag","embeddable":true,"href":"https:\/\/skinperfection.nl\/index.php\/wp-json\/wp\/v2\/product_tag?post=678"}],"curies":[{"name":"wp","href":"https:\/\/api.w.org\/{rel}","templated":true}]}}